 + 2*x + 16, l*k = -3*x + 21. Determine a(k).
6
Let w(z) = 31*z + 1. Let o(g) = 34*g. Let p(y) = 2*o(y) - 3*w(y). Calculate p(1).
-28
Let q(u) = 58*u**3 + u - 9 - 8*u**2 - 11*u - 59*u**3. Determine q(-7).
12
Let k = 6 + -3. Suppose -k - 3 = -u. Let d(o) be the first derivative of o**3/3 - 4*o**2 + 6*o + 881. Determine d(u).
-6
Let y(i) = i**3 - 6*i**2 - 7*i. Let r(f) = f**3 - 8*f**2 + 8*f - 8. Let x be r(7). Let l be (0 + x/(-3))*21. What is y(l)?
0
Let s(p) = 2*p**2 + 6*p - 4. Let f(x) = 5*x**2 + 18*x - 11. Let t(q) = 3*f(q) - 8*s(q). Suppose -10*o = 23 - 73. What is t(o)?
4
Let o(q) = 3*q - 11. Let g = -100 - -104. Let n be o(g). Let b(r) = -6*r - 1. What is b(n)?
-7
Let t = 10 - 7. Let r(v) = t + 2*v**3 - 3*v - 4*v**2 - 2 + 5*v - v**3. Give r(3).
-2
Let r(a) be the second derivative of -a**5/20 + 5*a**4/12 + 4*a**3/3 - 9*a**2/2 + 6*a. Calculate r(6).
3
Let m(t) = -17*t**3 + 2*t**2 - t. Suppose 0 = -5*f + 3*g + 30, -4*f + 2*g + 10 = -12. Suppose 3*s - 2*s + 4 = 0, -f*k - 5*s = 17. What is m(k)?
-16
Let x(q) be the first derivative of -q**4/4 - q**2 + 2*q - 162. Determine x(3).
-31
Let a(b) = b**2 + 4*b - 11. Let g be a(-5). Let m(z) = -z - 6. Give m(g).
0
Suppose 10 = -3*o + 1. Let b be ((-4)/(-6))/(o/(-9)). Let f(c) = 0*c + 1 + 0*c - b*c - 4 + c**2. Give f(3).
0
Let s = 594 - 600. Let u(j) = 5*j + 16. Give u(s).
-14
Let y(k) = 6 + 2*k - 6 + 1. Let t(n) = 2*n. Suppose 0 = -4*o + 4 - 0. Let c(v) = o*t(v) - 2*y(v). What is c(2)?
-6
Let w = -260 + 263. Let f(j) = 2*j - 5. Determine f(w).
1
Let y(j) be the second derivative of j**4/6 - 17*j**3/6 - 10*j**2 + 17*j + 29. Determine y(9).
-11
Let k = -9194 - -9190. Let r(a) = -a - 4. Let z be r(-4). Let m(g) = 6*g + 2*g**2 - g**2 + z + 1. Determine m(k).
-7
Let l(c) = -c - 10. Let f(o) = 2*o**2 - 3*o - 4. Let g be f(3). Suppose 32 = -t - g*u, 2*u + 2*u = -5*t - 55. What is l(t)?
-3
Suppose 46 = -96*a + 98*a. Let p(q) = a*q - 3 + 20*q + 2*q**2 - 40*q. Calculate p(-3).
6
Let b(m) = -4 + 3 + 0*m - 5 + m + 1. Calculate b(4).
-1
Let d(a) = a - 225 + 415 - 181. Determine d(5).
14
Let n(w) be the third derivative of 1/24*w**4 + 0 + 5/6*w**3 + 0*w + 8*w**2. What is n(-6)?
-1
Suppose 0 = -5*s + 4*n + 4, n - 41 = -3*s - 25. Let t(b) be the third derivative of 0*b + 1/24*b**s - 3*b**2 + 0 - 5/6*b**3. Give t(4).
-1
Let t(y) be the first derivative of -2*y + 3/2*y**2 - 44 + 7/3*y**3 + 1/4*y**4. Give t(-5).
33
Let f = -7 - -4. Let h(n) = n**3 + n**2 - 4*n. Determine h(f).
-6
Let c(u) be the second derivative of 33*u - 5/6*u**3 + 0 + 0*u**2. What is c(2)?
-10
Let u(s) = s**3 + 1 - 3*s**2 + s**3 + s**2 + 0. Let v(x) = 12*x - 83. Let k be v(7). Determine u(k).
1
Let f = 18 + 133. Let r = f + -151. Let d(o) = o + 2. Give d(r).
2
Let k(a) = 27*a + 9. Let n(u) = 54*u + 15. Let h(l) = 5*k(l) - 3*n(l). Calculate h(1).
-27
Suppose 0 = a - 4 + 8. Let z(l) = -2*l**2 + 8*l + 3. Let s(x) = 5*x**2 - 16*x - 5. Let p(u) = 3*s(u) + 7*z(u). Give p(a).
-10
Let k(q) = -6*q. Let d(c) = -c**3 + 11*c**2 + c - 6. Let y be d(11). Determine k(y).
-30
Let v(u) = u**2 + u + 1. Let o(n) = n**3 - 2*n**2 + n + 2. Let c be o(0). Suppose -2*m = 2*r, 0*r - 14 = c*m - 5*r. What is v(m)?
3
Let r(o) = -3*o - 48. Let a be r(-16). Let n be 0 - (-5 + 0 + -1). Let q(j) = n*j - 3*j - 4*j - j**2 - 7. Give q(a).
-7
Let d(j) = -2*j - 5. Let y(b) = -171*b + 86*b + 86*b. Suppose 2*p = -0 - 12. Let a be y(p). Calculate d(a).
7
Let s(f) = -2*f - 6. Let w(g) = -g - 4. Let c(t) = 3*s(t) - 4*w(t). Calculate c(-2).
2
Let q(c) = 3*c**2 + 4*c - 17. Let k(t) = -2*t**2 - 2*t + 7. Let d(z) = -5*k(z) - 2*q(z). Let v(s) = 2 + 2 - 3 - s + 1. Let m be v(1). Determine d(m).
5
Suppose -d = d - 14. Let n be 2/(-8)*-4 + 3. Let r(u) = -8*u**2 + 5*u - d + n*u**2 + 5*u**2. Give r(-5).
-7
Suppose -5*s = -4 - 16, -2*z = 4*s - 42. Suppose 15*l - 4 = z*l. Let u(h) = -2*h**2 + 3*h. Calculate u(l).
-2
Let d = 55 - 52. Let n(x) be the first derivative of -1/2*x**2 + 3*x - 1. Determine n(d).
0
Let p(m) be the third derivative of -m**4/12 + m**3/3 + 2*m**2 + 6*m. Suppose b = -2*b - 18. Calculate p(b).
14
Let d(b) = b**2 + 5*b - 4. Let q(g) = g - 2. Suppose -l = -2 + 6. Let z be q(l). Give d(z).
2
Let q = -6 + 1. Let v(n) = n**2 + 4*n. Let j be v(q). Let z(m) = 24*m + 6. Let p(h) = 7*h + 2. Let w(g) = -7*p(g) + 2*z(g). Give w(j).
-7
Let t(l) = -l**3 - 18*l**2 - 45*l + 1. Let o be t(-15). Let g(b) = -43*b**2 + b. Give g(o).
-42
Let g(s) = s + 1. Let a = 56 + -90. Let j = a - -37. Give g(j).
4
Let k(j) = 6*j**3 - 1. Let z = 4 + -1. Let v be (-4)/(-6)*z/(-2). Determine k(v).
-7
Let i(o) = -o**2 - 12. Let m(k) = -k**2 - 7*k + 3. Let u(v) = v**2 + 7*v - 4. Let s(r) = 4*m(r) + 3*u(r). Let d be s(-7). Determine i(d).
-12
Let u = 62 - 34. Let c = -34 + u. Let m(t) = t**2 + 3*t - 5. Determine m(c).
13
Let v = -30 + 25. Let n be (3 - v/(-3))/(10/15). Let b(m) = 3*m**3 + 1 + 2*m + m**2 + m**3 - 5*m**3. Calculate b(n).
1
Let r = 3 + -4. Let w(i) = -144. Let u(f) = f + 12. Let b(k) = -12*u(k) - w(k). Determine b(r).
12
Let w be -2 - (-55)/25 - (-22)/(-10). Let a(q) = 3*q + 9. Let c(j) = j + 3. Let h(o) = w*a(o) + 7*c(o). Calculate h(8).
11
Let m(n) = -n**3 - 11*n**2 + n + 11. Suppose -4*x - 41 = w, 0*w - 4*w - 43 = 5*x. Give m(x).
0
Suppose -4*y = -5*n + 37, n - 2*y - 17 = -6*y. Let s(d) = -n*d**2 + 1 + 3*d + d**2 - d. Calculate s(-1).
-9
Let l(c) be the third derivative of -c**6/120 - c**5/20 - c**4/12 - c**2 - 64*c. Determine l(-2).
0
Let x(w) = -84*w + 45. Let o(c) = 19*c - 11. Let t(h) = 9*o(h) + 2*x(h). Determine t(12).
27
Let y(w) = -w**2 - 5*w - 3. Let n be 3/(1 - (-2 - -4)). Let u be (0*1/(-3))/n. Suppose -2*q + 1 - 9 = u. Calculate y(q).
1
Let q(d) = -4*d**2 + d**3 + 15*d - 7*d - 9*d + 4 - 5. Let l be ((-8)/(-5))/(65/(-25) - -3). What is q(l)?
-5
Let l(t) = -101*t - 7*t**2 + 5 - t**3 - 92*t + 187*t. Determine l(-5).
-15
Let l(j) = j**2 - 2*j - 2. Suppose -6*g = -2*t - 3*g - 63, 0 = 2*t - g + 61. Let o be (3/6)/((-5)/t). Determine l(o).
1
Let q(c) = -c + 2. Suppose o + 76 = -5*v, 3*o - 6*o - 3 = 0. Let n be 231/v - (-4)/10. Let j = -22 - n. Determine q(j).
9
Let w(a) = -a - 1. Let d(u) = -3*u**2 + 16*u + 16. Let t(v) = d(v) + 3*w(v). Let r(l) = -4*l**2 + 14*l + 14. Let z(y) = 4*r(y) - 5*t(y). Give z(-8).
-1
Let h(i) = -5*i + 14*i - i**2 + 71 + 9*i - 73. What is h(18)?
-2
Let w(q) be the third derivative of q**6/120 + q**5/60 - 2*q**3/3 - 545*q**2. What is w(2)?
8
Let b(v) = -4*v**2 - v. Let i(f) = -3*f + 3*f**2 - 3 + 1 - 8*f**3 + 4 + 7*f**3. Let q be i(2). Let r be (-2 - q - -2) + -2. Determine b(r).
-14
Let l(w) be the third derivative of -w**5/12 - w**4/8 + w**3/2 + 4*w**2 + 4*w. What is l(2)?
-23
Let k(u) be the third derivative of u**6/120 - u**5/12 + u**4/24 + 2*u**3/3 + 24*u**2 + 2. Calculate k(4).
-8
Let b(z) = -z**3 - 10. Let w be 3/((-12 + 0)/(-4))*2. Suppose 4 = 5*y - j + 1, -6 = w*j. What is b(y)?
-10
Let l = 56 + -36. Let d be (72/l)/2*20/6. Let g(y) be the first derivative of -y**3/3 + 7*y**2/2 - 3*y + 1. Give g(d).
3
Let r(c) be the second derivative of -1/4*c**4 + 0 - 2/3*c**3 - c**2 - 1/20*c**5 - 9*c. Determine r(-2).
2
Let n be 0 + -7 + 0 - -9. Let b(g) = -g**3 + 3*g - 2. Determine b(n).
-4
Let o(i) = -i**3 + 3*i**2 - 2. Suppose 0*c = -4*c + 64. Suppose -2*g = -4*x + 2*g + c, -3*g = x. Suppose 0 = x*p + t - 6 + 1, t = -2*p + 2. Give o(p).
-2
Let o(l) = 5*l**3 - 6*l**2 - l + 1. Let k(i) = 11*i**3 - 11*i**2 - 2*i + 2. Suppose 2*b = -2*b + 24. Let h(g) = b*k(g) - 11*o(g). Determine h(1).
11
Let y(q) be the first derivative of q**2/2 - 4*q - 7. Let z be 13/3 + 1/(-3). Suppose 0 = 2*i - 8 - z. Give y(i).
2
Let s be (12/66)/(-1) + (-31)/11. Let h be (-3)/(-2 - (3 + s - 3)). Let r(q) = -q**2 + 2*q + 3. Determine r(h).
-12
Let g(i) = 15*i - 16. Let q be g(5). Let y = 53 - q. Let w(a) = -a**2 - 4*a - 7. What is w(y)?
-19
Let i(k) = -k**3 - 4*k**2 - 1. Let m(w) = -w**3 - 3*w**2 - 1. Let d(f) = -2*i(f) + 3*m(f). Suppose 0 = -5*u + 4*u - 3. Give d(u).
17
Let x(w) be the first derivative of -w**4/4 - 4*w**3/3 - w**2 - 6*w - 44. What is x(-5)?
29
Let i(j) = -j**2 - 5*j + 2. Suppose 186 - 22 = 4*h. Let l = 38 - h. Give i(l).
8
Let i(t) = -9*t**2 + 5*t + 3. Let w(m) = 5*m**2 - 2*m - 2. Let z(v) = -3*i(v) - 5*w(v). Let a = 18 + -14. Let f = 0 + a. Determine z(f).
13
Let x(h) = -h**3 + 5*h**2